324587 is divided by 26?
21
What is the remainder when 64019317 is divided by 889157?
13
What is the remainder when 2738066 is divided by 304228?
14
Calculate the remainder when 137316 is divided by 747.
615
Calculate the remainder when 327046 is divided by 2336.
6
What is the remainder when 3278176 is divided by 302?
268
Calculate the remainder when 720243 is divided by 89927.
827
What is the remainder when 31638133 is divided by 155?
153
What is the remainder when 4258653 is divided by 2670?
3
What is the remainder when 15982808 is divided by 345?
338
Calculate the remainder when 1325151 is divided by 147212.
243
What is the remainder when 31812 is divided by 3533?
15
What is the remainder when 104399 is divided by 1013?
60
Calculate the remainder when 1760596 is divided by 1760359.
237
Calculate the remainder when 947294 is divided by 93.
89
What is the remainder when 2390682 is divided by 2249?
2244
Calculate the remainder when 1448330069 is divided by 363.
362
Calculate the remainder when 88697268 is divided by 5360.
5348
What is the remainder when 9709607 is divided by 1013?
2
What is the remainder when 327663 is divided by 109206?
45
Calculate the remainder when 411556350 is divided by 1582909.
10
What is the remainder when 6590857 is divided by 678?
19
What is the remainder when 1967423 is divided by 5838?
17
Calculate the remainder when 53421709 is divided by 9543.
9538
Calculate the remainder when 121765677 is divided by 936659.
7
What is the remainder when 1123032 is divided by 561410?
212
Calculate the remainder when 768831949 is divided by 14.
11
Calculate the remainder when 6679954 is divided by 143.
138
Calculate the remainder when 45855 is divided by 10622.
3367
Calculate the remainder when 283993 is divided by 14749.
3762
Calculate the remainder when 52618 is divided by 52607.
11
What is the remainder when 11047120 is divided by 5523558?
4
What is the remainder when 2600084 is divided by 524?
520
What is the remainder when 10050818 is divided by 3467?
3452
Calculate the remainder when 16588236 is divided by 18.
12
What is the remainder when 1485674 is divided by 1485672?
2
What is the remainder when 584640 is divided by 717?
285
Calculate the remainder when 2316182 is divided by 15.
2
What is the remainder when 2044746 is divided by 154?
88
What is the remainder when 44715753 is divided by 159?
24
What is the remainder when 609187868 is divided by 111?
110
Calculate the remainder when 1651228 is divided by 86893.
261
What is the remainder when 179287703 is divided by 8?
7
Calculate the remainder when 1953473 is divided by 15.
8
Calculate the remainder when 44151766 is divided by 269.
258
Calculate the remainder when 2042182 is divided by 88789.
35
What is the remainder when 65161248 is divided by 1229457?
27
Calculate the remainder when 66303 is divided by 3836.
1091
Calculate the remainder when 7705642 is divided by 7381.
7259
What is the remainder when 18551629 is divided by 858?
811
Calculate the remainder when 30351749 is divided by 125.
124
What is the remainder when 9481445 is divided by 1053493?
8
What is the remainder when 2405733 is divided by 185056?
5
What is the remainder when 195934 is divided by 2194?
668
Calculate the remainder when 1194834 is divided by 149337.
138
Calculate the remainder when 851096 is divided by 1349.
1226
What is the remainder when 723365 is divided by 9040?
165
What is the remainder when 12773416 is divided by 3193351?
12
What is the remainder when 12451581 is divided by 772?
765
Calculate the remainder when 69324650 is divided by 14.
10
Calculate the remainder when 594660 is divided by 148657.
32
What is the remainder when 15216351 is divided by 7608167?
17
Calculate the remainder when 83107 is divided by 218.
49
Calculate the remainder when 1209206388 is divided by 395.
393
Calculate the remainder when 53041164 is divided by 697910.
4
What is the remainder when 4603352 is divided by 61?
48
What is the remainder when 264839 is divided by 9411?
1331
What is the remainder when 884306 is divided by 88430?
6
Calculate the remainder when 484896 is divided by 29.
16
What is the remainder when 249473091 is divided by 11?
10
What is the remainder when 978083 is divided by 409?
164
What is the remainder when 3260985 is divided by 57204?
357
What is the remainder when 1020736729 is divided by 2396?
2393
Calculate the remainder when 114891 is divided by 26952.
7083
Calculate the remainder when 9125038 is divided by 13073.
84
What is the remainder when 56020254 is divided by 37?
34
What is the remainder when 1694543 is divided by 564653?
584
What is the remainder when 6683771 is divided by 202?
197
What is the remainder when 241833226 is divided by 57?
10
What is the remainder when 1477140 is divided by 738563?
14
Calculate the remainder when 20372323 is divided by 3556.
3555
What is the remainder when 27822124 is divided by 56549?
16
Calculate the remainder when 86684 is divided by 1448.
1252
What is the remainder when 6969239 is divided by 95?
39
What is the remainder when 90525 is divided by 44705?
1115
Calculate the remainder when 5256296 is divided by 161.
129
What is the remainder when 10248680 is divided by 80066?
232
Calculate the remainder when 2537723 is divided by 1724.
1719
What is the remainder when 33753 is divided by 2450?
1903
What is the remainder when 320970623 is divided by 6977622?
11
What is the remainder when 126344 is divided by 196?
120
What is the remainder when 267547 is divided by 2454?
61
What is the remainder when 1152987 is divided by 7295?
377
Calculate the remainder when 129708836 is divided by 9973.
9971
What is the remainder when 391153560 is divided by 130384516?
12
Calculate the remainder when 10326766 is divided by 367.
120
What is the remainder when 2497536 is divided by 289?
287
What is the remainder when 129400 is divided by 64602?
196
What is the remainder when 172894 is divided by 10177?
10062
Calculate the remainder when 30254314 is divided by 49.
48
Calculate the remainder when 3775039 is divided by 2218.
3
What is the remainder when 59358287 is divided by 102?
101
Calculate the remainder when 9175943 is divided by 3058639.
26
Calculate the remainder when 160369 is divided by 25838.
5341
Calculate the remainder when 1143027 is divided by 10391.
17
What is the remainder when 3519975 is divided by 149?
148
What is the remainder when 19292934 is divided by 4561?
4465
What is the remainder when 17083533 is divided by 1019?
1017
What is the remainder when 731601 is divided by 48748?
381
What is the remainder when 3960457 is divided by 110?
17
Calculate the remainder when 10664 is divided by 4090.
2484
Calculate the remainder when 6895698 is divided by 1786.
1738
What is the remainder when 10938562 is divided by 28?
26
What is the remainder when 350440 is divided by 38934?
34
Calculate the remainder when 553292 is divided by 1516.
1468
What is the remainder when 3629256 is divided by 18?
6
What is the remainder when 3756981 is divided by 2119?
2113
Calculate the remainder when 1002279 is divided by 415.
54
Calculate the remainder when 24054920 is divided by 2837.
2834
What is the remainder when 217486117 is divided by 20?
17
Calculate the remainder when 807958 is divided by 3758.
3746
What is the remainder when 7031195 is divided by 748?
743
What is the remainder when 460200 is divided by 114947?
412
What is the remainder when 339604 is divided by 309?
13
What is the remainder when 6841418 is divided by 291?
8
Calculate the remainder when 12249193 is divided by 33744.
121
Calculate the remainder when 1020898 is divided by 2.
0
Calculate the remainder when 14504104 is divided by 505.
504
Calculate the remainder when 9682134 is divided by 29883.
42
What is the remainder when 82329 is divided by 7775?
4579
What is the remainder when 2534869 is divided by 52?
25
Calculate the remainder when 64657335 is divided by 87.
66
Calculate the remainder when 31381158 is divided by 29.
26
What is the remainder when 284546487 is divided by 11153?
11151
What is the remainder when 2623987 is divided by 30160?
67
Calculate the remainder when 159878151 is divided by 2458.
2457
What is the remainder when 14147504 is divided by 145?
144
What is the remainder when 48302482 is divid